t is the ten thousands digit of n(52)?
2
Let o = 769 - 572. Let f = 244 + o. What is the hundreds digit of f?
4
Suppose 8*p + 2684 = 11*p - 4*f, 0 = -p - f + 883. What is the units digit of (-8)/6*p/(-16)?
4
Let w be (-6)/((-48)/(-28))*(12 + 6). Let g be 2/3 - (-9872)/(-12). What is the tens digit of g/(-21) - (-9)/w?
3
Let m = -300 - -6032. What is the thousands digit of m?
5
Let l(w) = 56*w - 100. Let f(s) = -57*s + 99. Let m(r) = 5*f(r) + 4*l(r). What is the hundreds digit of m(-7)?
5
Suppose -2*c - 17 = -3*c + t, -3*c + 63 = 3*t. Suppose 10*w - 19894 = -c*w. What is the hundreds digit of w?
6
Let a = -334 + 181. Suppose -60*l = -59*l - 231. Let v = l + a. What is the tens digit of v?
7
Suppose -2*f + 61 = -4*b + 179, -3*b + 91 = -2*f. Suppose 0 = -3*c + 2*g + 1131, -4*g - b + 404 = c. What is the units digit of c?
7
Suppose -5*q = 6*n - n + 5, q = -4*n + 8. Let s(c) = c**3 + c**2 + 8*c. Let l be s(n). Let y = 106 - l. What is the tens digit of y?
4
Let j = 6035 - 2621. What is the hundreds digit of j?
4
Suppose 5 = -5*k, -4*u = -k - 3*k - 28. Let p be 194/18 - (-2)/54*u. Suppose p*x = -0*x + 1375. What is the units digit of x?
5
Let m be (1 + (-6)/3)*57. Let h be 1/(-2 + (452/m)/(-4)). Let z = 118 + h. What is the tens digit of z?
6
Suppose 3*h - 5*u - 5347 = 0, 52*h - 49*h - 5371 = -u. Suppose 685 - h = -r. What is the tens digit of r?
0
Let r(s) = -s**2 + 42*s - 114. Let f be r(39). Suppose -f*i - 3*m + 3910 = 2*m, -3*i + 5*m + 3890 = 0. What is the tens digit of i?
0
Let q = -211 + 203. Let w(r) = -121*r - 3. What is the units digit of w(q)?
5
Suppose 17 = 5*s + 2*v - 151, -s = -4*v - 38. Suppose s*h = 37*h - 2361. What is the hundreds digit of h?
7
Let h(b) = 7*b**3 - 5*b**2 + 11*b - 197. What is the thousands digit of h(19)?
6
Suppose -p - i + 17 = -6*i, -i = -1. Suppose -3*l - 4*x = -1857, -p*l + 2*x + 1224 = -20*l. What is the hundreds digit of l?
6
Suppose 103*b - 50*b - 52*b = 959. What is the tens digit of b?
5
Suppose -35*p - 56258 + 336066 = -538037. What is the thousands digit of p?
3
Let q(g) = 34120*g + 525. What is the thousands digit of q(1)?
4
Let u(n) = -n**3 - 103*n**2 - 32*n - 386. What is the units digit of u(-103)?
0
Suppose -7*m + 4410 + 1778 = 0. Let a = m + -295. What is the hundreds digit of a?
5
Let f = 66 - 39. Let l = f + -21. Suppose 165 = 3*b - l. What is the units digit of b?
7
Let g = 1348 - -1872. What is the tens digit of g?
2
Let m = -5083 - -12046. What is the thousands digit of m?
6
Let a(x) = 445*x + 3429. What is the tens digit of a(26)?
9
Let c(h) = -h**2 - 18*h - 12. Let o be c(-17). Suppose o*g - 3*k - 3044 = 0, 0 = k - 5*k - 12. What is the units digit of g?
7
Let j be (-14)/((5 + 0)/15). Let t be 28/j + 28/(-3). Let i(c) = c**3 + 11*c**2 + 6*c + 9. What is the tens digit of i(t)?
4
Let c(f) = 5*f**2 + 46*f - 15. Let d be c(-13). What is the units digit of 1/(-15)*-2 + d/60?
4
Suppose 3 = -p - 1. Let k(n) = -3*n + 55. Let q be k(8). Let c = q + p. What is the tens digit of c?
2
Suppose 5*d - 53 = 3*p - 6*p, 2*p + d = 47. Let x = p + -23. What is the tens digit of 140/5 - (x + -1)?
2
Suppose 3*w = -4*i + 188605, 3*w - 67718 = -5*i + 120888. What is the hundreds digit of w?
8
Suppose 4*m - 11 = 9. Suppose 0 = -m*l - 0*l + 70. Let g = 8 + l. What is the units digit of g?
2
Let k(r) = -2*r**3 - 3*r**2 + 46*r - 29. What is the units digit of k(-13)?
0
Let j(n) = -339*n - 1880. What is the hundreds digit of j(-13)?
5
Suppose 21 = -3*y + 24. Let c be (y/4)/((-11)/(-22))*538. Suppose -3*r + 351 = 3*q, 2*q - 9*r - c = -4*r. What is the units digit of q?
2
Suppose -13*f = -16*f + 5*o + 5707, 0 = 4*f - 4*o - 7596. What is the hundreds digit of f?
8
Let j(d) = -180*d**2 + d - 32. Let z(p) = -36*p**2 - 6. Let y(c) = 2*j(c) - 11*z(c). Suppose -6 = 4*a - a. What is the units digit of y(a)?
2
What is the units digit of -10 - (-14 - (3 - -266))?
3
Let l be (13 + -6 - 1198) + (3 - 0). What is the hundreds digit of -2 + l/(1 + -5)?
2
Suppose 4*x - u - 21 = 0, 2*x + u + 2 - 5 = 0. Suppose -x*q - 4008 = -16*q. What is the units digit of q?
4
Let f(x) be the third derivative of x**5/12 - 139*x**4/24 - 8*x**3/3 - 95*x**2. What is the hundreds digit of f(30)?
3
Let x be (-1)/2*-795 + 36/(-24). Suppose j = 3*k + 88, -k - 3*k = -5*j + x. Let a = j - 32. What is the units digit of a?
4
Let i = 55 + -42. Suppose i*h = h + 1812. What is the hundreds digit of h?
1
Let k be (2/(-1))/2*3 + -51. Let y = 74 + k. Suppose 3*n = -4*w + 293, -6*w - y = -w. What is the hundreds digit of n?
1
Let s = -39 - -76. Suppose -39*t + s*t = -6. What is the hundreds digit of 6*(-164)/(-24)*t?
1
Let w(o) = -5*o**2 + 12*o + 5. Let j be w(4). What is the tens digit of (-122)/(-6)*2/((-6)/j)?
8
Let v be (1/4)/(3/48). Suppose 0 = v*o - 9*o - 20. What is the tens digit of 109 + (-8)/(-4) + -1 + o?
0
Let y be (-14)/((-7)/(7/(-2))). Let f be 23*(3 - 4 - 0). Let j = y - f. What is the tens digit of j?
1
Suppose -5*f + g - 2821 = 0, -5*f = -9*g + 7*g + 2817. Let v = 1339 + f. What is the units digit of v?
4
Let k(y) = 5*y**3 - 3*y**2 - y + 7. Let x = 2 - -3. What is the units digit of k(x)?
2
Suppose -3*u + 3*k + 101 = -85, 3*k = 2*u - 119. What is the tens digit of u?
6
Let m(w) = -w**3 - 8*w**2 - 7*w + 5. Let h be m(-7). Suppose h*n - 5*i + 25 = 0, 5 = n + 2*i - 2. What is the units digit of (930/40)/(n/(-4))?
3
Let f = 42422 + -24040. What is the units digit of f?
2
Suppose 2*q - 420 = s, s = 5*s + 8. Let d = 53 + q. What is the hundreds digit of d?
2
Let l(z) = 23*z**2 + 120*z - 2632. What is the units digit of l(38)?
0
Let l = 3771 - -11954. What is the hundreds digit of l?
7
Let x(w) = -w**2 + 18*w + 22. Let p = 62 - 87. Let k = 37 + p. What is the tens digit of x(k)?
9
Let n be 100/16 - 6 - 27/(-4). Suppose 0 = n*g - 17*g + 190. Suppose -52 = -w + g. What is the units digit of w?
1
Let i(n) = 1253*n + 2602. What is the thousands digit of i(3)?
6
Let s = 5459 + 4680. What is the thousands digit of s?
0
Let p(c) = c**2 + c + 2. Let n be p(2). Suppose 960 = -0*f + n*f. What is the tens digit of f?
2
Suppose 0 = 4*o - z - 19, 4*o - 2*o + 2*z = 12. Let l be 5 - o - 2 - -5. Suppose 253 + 371 = l*r. What is the tens digit of r?
0
Suppose 34 = -3*q + 4*n - 53, 3*q - 2*n + 81 = 0. Suppose 2*p - 2*s - 222 = -0*s, -p = -5*s - 119. Let z = p + q. What is the units digit of z?
4
Let v(c) = -c**2 - 8*c - 5. Let l be v(-6). Let r = 9 - l. Suppose -2*h + r = -5*x, 0*x = 4*x. What is the units digit of h?
1
Let m be ((-72)/(-10) - 6)*(-10)/(-4). Let z be (-1)/m + ((-80)/(-6) - 4). Suppose -z*n + 852 = 3*n. What is the units digit of n?
1
Let l(t) = 7*t + 34. Let i be l(-29). What is the tens digit of (-3)/1 + 7 - i?
7
Suppose -2*c + 25937 = 3*p, -3*c + 1547 = 3*p - 24385. What is the tens digit of p?
4
Suppose 7*d + o - 7 = 6*d, 5*o - 31 = -4*d. What is the thousands digit of (-9)/24*d*-696?
1
Let j(t) = -5 - 1 + 14 - 7*t - 35. Let c(y) = -y**2 + y - 2. Let o be c(4). What is the units digit of j(o)?
1
Let h be 0/(-12 - -6) + -410. Let a = 208 - h. What is the tens digit of a?
1
Suppose -4*a + 195 = -5. Suppose -2*c + 7*c = -150. Let h = a + c. What is the tens digit of h?
2
Let v be (-2 + 1 + 0 - 1)*-2. Let w be 0 + 145 + -2 + -4 + v. Suppose 91 = 3*h - w. What is the tens digit of h?
7
Let q be (18/(-21))/((-6)/21 + 0). Suppose 2*h - 7*n - 1436 = -q*n, 0 = -5*h - 2*n + 3578. What is the hundreds digit of h?
7
What is the units digit of 43/((-860)/(-299816)) - 4/5?
0
Let i(j) = -j**3 + 3*j**2 + 12*j - 7. Let t be i(5). Suppose 2*n - 1366 = -m, 2*m - m = t*n - 2039. What is the units digit of n?
1
Let t(i) = -1. Let r(j) = 63*j - 35. Let w(v) = -r(v) + 21*t(v). Let g be w(-2). Let d = g + -70. What is the tens digit of d?
7
Let v = -12563 + 15106. What is the hundreds digit of v?
5
Let f = -208 + 210. Suppose f*m - 702 = 3*c, 3*m - 592 = -3*c + 461. What is the units digit of m?
1
Let a(g) = -141*g - 393. Let k(c) = 47*c + 130. Let x(n) = 2*a(n) + 7*k(n). What is the units digit of x(4)?
2
Let t(g) = g**3 + 8*g**2 - g + 2. Let s be t(-8). Let l(q) = 10*q**2 - 9*q + s - 9*q**2 + 2*q. What is the units digit of l(9)?
8
Let m be 1042*3/(-18)*-6. Suppose 5276 = 5*n - 2*b, n + 4*b - m = -0*b. What is the tens digit of n?
5
Suppose u = 2*z + 2, 5*z = 4*u - 3 - 5. 